e highest common divisor of 65497222 and 23947?
2177
Calculate the highest common divisor of 106891 and 3537400.
769
What is the highest common divisor of 24038970 and 60?
30
What is the highest common divisor of 1408 and 1239128?
88
What is the greatest common factor of 1961 and 259037?
37
What is the greatest common divisor of 6610384 and 156200?
6248
What is the highest common divisor of 106692921 and 831?
831
What is the highest common divisor of 41575 and 10075?
25
What is the greatest common factor of 366424 and 9529272?
2248
What is the greatest common divisor of 292371 and 416355?
123
Calculate the greatest common factor of 36 and 19178808.
12
What is the greatest common divisor of 12 and 91370502?
6
What is the greatest common divisor of 34 and 35734221?
17
Calculate the highest common divisor of 108174 and 60.
6
What is the greatest common divisor of 728 and 55138629?
91
Calculate the highest common divisor of 3580 and 11291300.
20
Calculate the greatest common divisor of 170920 and 24520.
40
Calculate the greatest common factor of 22 and 25037298.
22
What is the greatest common divisor of 21191401 and 20944?
1309
What is the highest common factor of 463854 and 31428?
582
What is the highest common divisor of 4059736 and 272?
136
What is the greatest common factor of 545 and 2192890885?
545
What is the greatest common factor of 215379281 and 3692?
923
Calculate the greatest common factor of 47537272 and 24.
8
Calculate the greatest common factor of 13459518 and 6.
6
Calculate the greatest common factor of 39056542 and 11403.
1267
What is the greatest common factor of 29268 and 117942723?
7317
What is the highest common divisor of 50398485 and 165?
15
What is the greatest common factor of 2100961 and 70599?
233
What is the greatest common factor of 406817701 and 51?
17
Calculate the greatest common divisor of 27398 and 4781672.
1442
Calculate the highest common divisor of 18504 and 242349201.
2313
What is the highest common factor of 1190 and 22266260?
170
Calculate the greatest common divisor of 45 and 9564921.
9
What is the highest common factor of 1 and 6792251?
1
Calculate the highest common factor of 720710 and 35890.
970
What is the highest common factor of 4703076 and 7?
7
What is the highest common factor of 61878315 and 10266?
5133
What is the highest common divisor of 118854 and 8060985?
1917
Calculate the greatest common divisor of 117 and 1765503.
9
What is the greatest common factor of 2620 and 2905336340?
2620
Calculate the greatest common factor of 3251122 and 876764.
2534
Calculate the highest common divisor of 174 and 1785786.
6
What is the greatest common divisor of 6746158 and 12318?
4106
Calculate the greatest common factor of 36062 and 338390.
494
Calculate the greatest common factor of 5237299 and 205.
41
What is the highest common factor of 82 and 18691654?
82
Calculate the highest common factor of 8555 and 6903059.
59
Calculate the greatest common factor of 45445 and 99085.
745
What is the highest common factor of 105494760 and 144?
72
Calculate the greatest common divisor of 945 and 3625440.
105
Calculate the highest common factor of 650 and 4027790.
130
Calculate the highest common divisor of 4021521 and 13832.
133
What is the greatest common divisor of 18512714 and 88?
22
Calculate the highest common factor of 28410 and 308270.
10
What is the greatest common divisor of 17370 and 2279070?
90
What is the highest common factor of 10323760 and 170?
170
Calculate the greatest common factor of 42869732 and 353.
353
What is the greatest common divisor of 439626 and 198?
66
Calculate the highest common divisor of 3468 and 2261391.
51
Calculate the greatest common divisor of 62148213 and 27.
9
What is the highest common divisor of 7572711 and 36528?
2283
What is the greatest common factor of 689 and 5681335?
53
Calculate the greatest common factor of 3407756 and 236324.
1804
Calculate the greatest common factor of 500760 and 47880.
360
Calculate the highest common factor of 9771124 and 935.
187
What is the greatest common factor of 408 and 67866040?
136
What is the highest common divisor of 734744 and 20648?
232
Calculate the highest common factor of 225 and 20205675.
225
What is the highest common factor of 5745 and 12395?
5
What is the greatest common divisor of 1017524 and 4699?
127
Calculate the highest common factor of 32822741 and 11872.
371
What is the highest common factor of 26829130 and 51302?
454
Calculate the greatest common divisor of 2994 and 144483454.
998
Calculate the highest common factor of 407 and 299365.
11
What is the highest common factor of 33 and 453712193?
11
What is the greatest common divisor of 50 and 25782175?
25
What is the highest common factor of 1309 and 2348941?
119
What is the highest common divisor of 284310 and 360?
90
Calculate the highest common factor of 47431934 and 220.
22
Calculate the greatest common factor of 3450021 and 1612.
31
Calculate the highest common factor of 20 and 315564380.
20
Calculate the highest common divisor of 704 and 97141.
11
What is the greatest common divisor of 28 and 11691772?
4
Calculate the highest common factor of 85505 and 780815.
245
What is the greatest common divisor of 224 and 368159386?
14
Calculate the greatest common divisor of 6802 and 1611599.
19
What is the highest common divisor of 1546072 and 91784?
88
What is the greatest common factor of 1482 and 6993102?
114
What is the highest common divisor of 2419192 and 8?
8
Calculate the greatest common factor of 7040 and 2831704.
8
Calculate the greatest common factor of 23323 and 305447.
281
Calculate the greatest common factor of 18 and 3313341.
9
Calculate the greatest common factor of 1327283001 and 5598.
2799
What is the highest common divisor of 2000 and 575320?
40
Calculate the highest common factor of 51 and 149517295.
17
What is the greatest common divisor of 3612 and 1705724?
172
Calculate the greatest common divisor of 8848 and 811172.
316
What is the highest common divisor of 892 and 69727417?
223
Calculate the highest common factor of 45208 and 26056.
8
What is the greatest common divisor of 48390 and 1380?
30
Calculate the greatest common factor of 50824751 and 281.
281
What is the highest common factor of 336320 and 290?
10
Calculate the greatest common divisor of 4760 and 426160.
280
What is the greatest common factor of 751586 and 24892?
254
What is the highest common factor of 150 and 322142050?
50
What is the highest common divisor of 5608 and 90016111?
701
Calculate the highest common factor of 676 and 4538612.
52
Calculate the greatest common divisor of 33315472 and 710.
142
Calculate the highest common divisor of 1402 and 26631691.
701
Calculate the highest common divisor of 4113320 and 552.
184
Calculate the greatest common factor of 7 and 379931.
1
What is the greatest common factor of 335019228 and 708?
708
What is the highest common factor of 16 and 29029712?
16
What is the greatest common divisor of 37 and 1930597?
1
What is the greatest common factor of 21457 and 87634?
43
What is the greatest common factor of 13 and 21314228?
13
Calculate the highest common divisor of 45298 and 592702.
638
Calculate the highest common factor of 2106 and 13979394.
234
What is the highest common divisor of 234 and 41525744?
26
What is the highest common factor of 707031 and 3497?
13
What is the highest common divisor of 3302900 and 95?
5
Calculate the greatest common divisor of 730 and 62119204.
146
Calculate the greatest common factor of 72052318 and 4726.
278
What is the highest common divisor of 620270 and 9730?
70
What is the greatest common divisor of 539 and 41643679?
539
Calculate the highest common factor of 370989009 and 2313.
2313
What is the greatest common factor of 14 and 1681397?
1
Calculate the greatest common factor of 26061 and 179902149.
1533
Calculate the highest common factor of 23 and 148754938.
23
What is the greatest common factor of 71 and 68824134?
71
Calculate the greatest common factor of 369208124 and 376.
188
What is the highest common divisor of 56600 and 183750?
50
What is the highest common factor of 2535 and 788115?
15
Calculate the greatest common divisor of 36075217 and 1769.
1769
Calculate the greatest common factor of 17919129 and 174.
87
